729
Calculate the highest common divisor of 5146 and 1677430.
166
Calculate the greatest common divisor of 130 and 6829180.
10
Calculate the greatest common divisor of 1560 and 5144280.
120
Calculate the highest common divisor of 46152062 and 726.
242
What is the highest common divisor of 2599 and 83374338?
113
What is the greatest common factor of 287 and 1218896?
7
Calculate the greatest common divisor of 10528 and 121453311.
329
What is the greatest common factor of 39243 and 2444499?
309
Calculate the highest common divisor of 303 and 157774019.
101
What is the highest common factor of 43636652 and 3970?
794
What is the highest common divisor of 63993024 and 1224?
72
Calculate the greatest common divisor of 69301638 and 645.
129
What is the greatest common factor of 2046633 and 4728?
591
Calculate the greatest common divisor of 854944 and 1760.
32
What is the highest common divisor of 12274 and 103379?
19
Calculate the greatest common factor of 42036114 and 582.
582
What is the highest common divisor of 3231358 and 8086?
26
What is the greatest common divisor of 151024 and 19920?
16
What is the greatest common factor of 42696 and 908?
4
Calculate the greatest common divisor of 3096 and 24235101.
387
What is the greatest common factor of 1480 and 21325?
5
What is the greatest common factor of 259679 and 37933?
7
Calculate the greatest common divisor of 11341 and 107437417.
1031
What is the highest common factor of 1305196 and 2393628?
4612
What is the greatest common factor of 1152 and 106171328?
64
What is the highest common factor of 5867880 and 240?
120
What is the greatest common factor of 368 and 65488?
16
Calculate the greatest common divisor of 212942537 and 796.
199
Calculate the highest common factor of 930338617 and 757.
757
Calculate the highest common divisor of 1756 and 597036.
4
What is the highest common factor of 4407507 and 138127?
12557
What is the greatest common divisor of 600915 and 18880?
295
Calculate the highest common factor of 176 and 173294.
22
What is the highest common divisor of 2271 and 3245259?
2271
Calculate the greatest common divisor of 122428383 and 19817.
1043
Calculate the highest common divisor of 6460 and 69630079.
323
What is the greatest common factor of 1669794 and 294?
42
Calculate the greatest common factor of 634499376 and 672.
336
What is the greatest common divisor of 299 and 6558903?
13
Calculate the greatest common factor of 5048176 and 5480.
1096
What is the highest common divisor of 273 and 129477768?
21
What is the highest common factor of 2053814 and 9002?
14
Calculate the highest common factor of 316 and 2252260.
4
What is the greatest common divisor of 387192925 and 1909?
1909
Calculate the highest common factor of 564 and 4327032.
12
What is the highest common factor of 2285031 and 996111?
1401
Calculate the greatest common factor of 326521 and 4238.
13
What is the greatest common factor of 2285185689 and 9?
9
Calculate the highest common factor of 8 and 141680816.
8
What is the highest common divisor of 20284 and 646783?
461
Calculate the highest common factor of 1458945120 and 32.
32
Calculate the highest common divisor of 152852 and 119.
7
What is the greatest common factor of 9031946 and 1001?
77
Calculate the highest common divisor of 345 and 298563.
69
Calculate the greatest common factor of 436167 and 981.
9
Calculate the greatest common factor of 291491494 and 923.
71
What is the greatest common divisor of 5866795747 and 349?
349
What is the highest common divisor of 29483620 and 220?
20
What is the greatest common divisor of 309610 and 11410?
70
Calculate the highest common factor of 6316 and 8603971.
1579
What is the greatest common divisor of 32198056 and 2365?
473
Calculate the highest common divisor of 9667209 and 1888.
59
Calculate the highest common divisor of 394 and 2580306.
394
Calculate the highest common factor of 56102668 and 3914.
38
Calculate the highest common divisor of 4642 and 682517902.
4642
What is the greatest common divisor of 18 and 39560838?
6
What is the greatest common factor of 3072 and 84552576?
384
Calculate the highest common divisor of 39 and 55927911.
39
Calculate the greatest common divisor of 3845 and 9845.
5
What is the highest common factor of 1704856 and 20600?
824
What is the highest common factor of 4320848 and 224?
112
Calculate the highest common factor of 503618641 and 2463.
821
What is the greatest common factor of 834020 and 1058420?
3740
What is the highest common factor of 2047 and 7973778?
23
What is the highest common factor of 2660675 and 225?
25
What is the greatest common factor of 109696019 and 4624?
289
Calculate the greatest common divisor of 74558 and 1672.
22
What is the highest common factor of 4 and 217271?
1
Calculate the highest common factor of 279233 and 1339.
103
Calculate the highest common factor of 5807947152 and 12.
12
Calculate the highest common factor of 9387 and 32608948.
149
What is the greatest common factor of 9996 and 16729972?
3332
What is the highest common factor of 1166589920 and 160?
160
What is the greatest common divisor of 9918558 and 1194?
1194
Calculate the greatest common factor of 30086684 and 1164.
388
What is the greatest common divisor of 3355891 and 18403?
77
What is the highest common divisor of 983531835 and 47028?
11757
What is the highest common divisor of 7244319 and 1735?
347
What is the greatest common divisor of 7335229 and 46?
23
What is the highest common divisor of 3426216 and 9?
3
Calculate the greatest common divisor of 2 and 1687663.
1
What is the highest common divisor of 10023908 and 580?
116
What is the highest common factor of 324611 and 5283?
587
What is the greatest common factor of 40915 and 351535?
835
Calculate the highest common factor of 5731 and 19218127.
521
What is the greatest common divisor of 6862220 and 1564?
68
Calculate the greatest common divisor of 17488152 and 128084.
3124
What is the greatest common factor of 52 and 3766555?
13
Calculate the greatest common factor of 180616 and 51432.
8
What is the highest common divisor of 210069997 and 116?
29
Calculate the greatest common factor of 626 and 130261523.
313
What is the highest common divisor of 123976840 and 26?
26
What is the highest common divisor of 14064144 and 9?
3
What is the greatest common factor of 217284 and 147136?
76
Calculate the greatest common divisor of 53 and 67147343.
53
Calculate the greatest common divisor of 121830 and 7719.
93
Calculate the highest common divisor of 1144108074 and 3606.
3606
What is the highest common divisor of 10017556 and 102?
34
What is the greatest common factor of 28282 and 867025?
79
What is the greatest common divisor of 368298 and 111706?
1106
What is the highest common factor of 37370 and 5735?
185
Calculate the greatest common divisor of 12204 and 11158863.
339
Calculate the greatest common factor of 371254956 and 12.
12
What is the highest common factor of 4716 and 477626?
262
Calculate the greatest common factor of 156965424 and 42.
42
What is the highest common divisor of 98176958 and 22?
22
What is the highest common factor of 763 and 3005348?
109
What is the highest common divisor of 1942182 and 77913?
99
What is the highest common divisor of 13920 and 5492745?
435
What is the greatest common divisor of 114861579 and 14?
7
What is the greatest common factor of 31 and 22727464?
31
What is the greatest common divisor of 102156065 and 1197?
19
What is the highest common divisor of 868 and 681436?
28
Calculate the greatest common divisor of 3959 and 1567801.
37
Calculate the greatest common divisor of 360251440 and 80.
80
What is the highest common factor of 46548 and 160812?
108
Calculate the greatest common factor of 77709 and 261.
3
What is the highest common divisor of 287270 and 190578?
46
What is the greatest common factor of 451 and 54835?
11
Calculate the highest common factor of 37 and 15160158.
37
What is the highest common divisor of 9561798 and 187421?
1109
Calculate the highest common factor of 1404 and 61828.
52
What is the highest common factor of 318954245 and 296?
37
Calculate the highest common factor of 99505373 and 597.
199
Calculate the highest common divisor of 47 and 68344721.
47
What is the greatest common factor of 1386